n. Let q = 63 + -315. Let w = 391 + q. What is the remainder when w is divided by x?
27
Suppose -3*u = -4*l - 88, u = -2*l + 41 - 5. Suppose 0 = -o + 41 - 2. Let q = o + -22. What is the remainder when u is divided by q?
15
Let y(q) = 7*q**3 + 6*q**2 + 184*q - 1455. What is the remainder when y(8) is divided by 567?
16
Let g be (-762)/(-14) - (2 - (-22)/(-14)). Suppose -g - 100 = -3*v - t, 48 = v - 3*t. What is the remainder when 407 is divided by v?
50
Let c(x) = -7*x + 180 + 152 - 372. Suppose -2*a = 3*a + 5*w - 10, 10 = 5*a - 4*w. What is the remainder when a is divided by c(-6)?
0
Calculate the remainder when 1125 is divided by (-1070)/20*(-96)/24.
55
Let v be 0 + 3 + -1 - 4. Let g = -1460 + 1452. What is the remainder when 43 is divided by -1*3 - (g/v - 18)?
10
Let g(b) = 23 + 2*b - 3*b - b. Let o = 11354 - 11354. What is the remainder when g(o) is divided by 5?
3
Let a(w) = -w**3 + 8*w**2 + 21*w + 4. Let r be a(9). Suppose -142*o = -150*o + r. What is the remainder when 191 is divided by o?
9
Suppose -5*f = -0*f + 140. Let v = f + 50. Calculate the remainder when 204/(-153) - 1/(-3)*262 is divided by v.
20
Calculate the remainder when (-5 - 0)*((-84996)/(-15))/(-36) is divided by 159.
151
Suppose 3*w + 5*x - 37 = 0, -12 = 35*w - 36*w - 2*x. Calculate the remainder when (157 + 1)/2 - 1 is divided by w.
8
Let o = -10930 + 11019. What is the remainder when 883 is divided by o?
82
Suppose 2*x - 636 = -5*f, -f = -5*x + 2564 - 1055. Calculate the remainder when x is divided by 76.
75
Suppose 2*x - 180 - 284 = 2*b, 2*x - 3*b = 464. Suppose -x = 12*j - 1120. What is the remainder when j is divided by 49?
25
Suppose 4*q = -5*u + 64, 4*q - 41 = u - 1. Calculate the remainder when 108 is divided by q.
9
Suppose 1039*p - 1044*p + 146 = 4*c, 0 = -2*p + c + 48. What is the remainder when 439 is divided by p?
23
Let j be (24/9)/(-1)*24. Let u = j - -48. Let g(x) = -2*x**2 - 34*x - 15. What is the remainder when 33 is divided by g(u)?
16
Let n(s) = 16*s**3 - 785*s**2 + 60*s - 519. Let w = -30 + 68. Calculate the remainder when w is divided by n(49).
18
Let b(i) = 13*i**2 + 7*i - 16. Let t be b(3). Suppose 374 = 21*p + t. Calculate the remainder when (92/10)/(1/5) is divided by p.
10
Let d(k) = -3*k**3 - 11*k**2 - 73*k - 45. Calculate the remainder when d(-7) is divided by 176.
76
Let h = -31873 - -31948. What is the remainder when 3148 is divided by h?
73
Let t(r) = r**2 + 123*r - 680. What is the remainder when 132 is divided by t(6)?
38
Let j(l) = 106*l**3 + 11*l**2 - 14*l - 4. Calculate the remainder when j(3) is divided by 18.
17
Suppose -996 = -5*a - 2*q, 2*a - 7*q - 396 = -9*q. Suppose 21*d + a = 26*d - w, 4*d - 160 = -3*w. What is the remainder when d is divided by 11?
7
Let w(a) = -863*a - 329. Calculate the remainder when w(-2) is divided by 25.
22
Suppose -n + 3*c = -379, -n + 10*c + 385 = 9*c. Let q = 399 - n. Calculate the remainder when (-328)/(-6) + 6/(-9) is divided by q.
10
Let d = -7 - -23. Let j be (18/4)/(2/12). Let v(w) = w**3 - 27*w**2 + 29. What is the remainder when v(j) is divided by d?
13
Suppose 7018*p = 7027*p - 1449. What is the remainder when 217 is divided by p?
56
Suppose 1747 + 474 = 4*q - 3*u, -2*q = 6*u - 1148. Let n = -541 + q. Calculate the remainder when 68 is divided by n.
14
Let h(x) = -2*x**3 - 62*x**2 - 2*x + 9. Calculate the remainder when 2346 is divided by h(0).
6
Let s = 9 + 1. Suppose 108 = -s*b + 12*b. Calculate the remainder when b is divided by 339/18 - 1/(-6).
16
Suppose 3*v - 7598 = 2*c - 494, -2*v + c + 4734 = 0. Calculate the remainder when v is divided by 11.
10
Let j = -27856 - -28061. What is the remainder when 1202 is divided by j?
177
Let m(x) = -2*x**2 - 58*x + 279. What is the remainder when 1047 is divided by m(-33)?
12
Let o(p) = p**3 - 4*p**2 - 20*p + 24. What is the remainder when o(9) is divided by 71?
36
Suppose -y + 195 = -339. Suppose -y = 4*v - 10*v. Let h = -53 + v. Calculate the remainder when 66 is divided by h.
30
Suppose -14*z + 742 = -742. Calculate the remainder when z is divided by (3/(-6))/(1/(-44)).
18
Let x = 550 + -548. Suppose 0 = x*g + 18 - 16, 0 = -5*o + 2*g + 107. What is the remainder when 122 is divided by o?
17
What is the remainder when (-227151)/(-6)*(-12)/(-54) is divided by 32?
29
Calculate the remainder when 1402 is divided by -90*(204/24)/(-17).
7
Suppose -13 = 2*u - 1. Calculate the remainder when (-3)/u - (-31)/2 is divided by (-62)/(-12) + 15/(-342)*-19.
4
Suppose 0 = 50*t - 51 - 49. What is the remainder when -2*(-75 - (7 - t/1)) is divided by 7?
6
Let h(k) be the third derivative of 7*k**4/12 - 4*k**3 - 113*k**2. What is the remainder when h(6) is divided by 24?
12
Suppose 14*p = 2*r + 15*p - 45, 20 = -4*p. Suppose 6*g - 225 = g. What is the remainder when g is divided by r?
20
Let x = 10153 + -10146. Let w(b) = -4*b - 2. Calculate the remainder when w(-4) is divided by x.
0
Let i(m) = 2*m**3 + 41*m**2 - 29*m - 22. Let k be i(-23). Calculate the remainder when 124 is divided by (4/(-5))/(4*10/k).
4
Let v(f) = 272*f**3 - 2*f**2 + 33*f - 31. What is the remainder when 283 is divided by v(1)?
11
Let i = 75 - 86. Let f = 22 + i. Suppose -2*y - 3 = -f. What is the remainder when 13 is divided by y?
1
Let o be 4*-1 + (92 - 85). Let k be (-19)/(0 + (-3)/9). Suppose -k = -o*r + 5*v, 5*r - r - 68 = 4*v. What is the remainder when 53 is divided by r?
11
Let t(k) = -k**2 - 16*k**3 + 16*k**3 - 2*k + 2*k**3. Suppose 0 = -s - 4*s - 20, 0 = 4*f - 4*s - 24. Calculate the remainder when 30 is divided by t(f).
6
Calculate the remainder when 587 is divided by (-36)/(-462)*-7 + 1/((-22)/(-5182)).
117
Let s(m) = 70*m + 5260. What is the remainder when 220 is divided by s(-72)?
0
Let f be ((-30)/(-9))/((-16)/(-1128)). Let b = f - 230. Calculate the remainder when 19 is divided by b.
4
Let w = 24 + 26. Let k be (-4280)/w - ((-24)/(-10) + -2). What is the remainder when 142 is divided by (-25)/60*k - 1/(-6)?
34
Let o(q) = q**3 - 6*q**2 + 29*q - 216. What is the remainder when o(9) is divided by 37?
29
Let m(l) = -l**3 - 18*l**2 + 2*l + 38. Let s be m(-18). Suppose -11*g = -s*g - 261. Calculate the remainder when 113 is divided by g.
26
Suppose h + 2*h = 4*t - 1024, -1273 = -5*t + 2*h. Suppose 14*k = t + 377. Calculate the remainder when 176 is divided by k.
41
Let i = 4923 + -4908. Calculate the remainder when 524 is divided by i.
14
Suppose -3*q + 216 = -2*w, 0 = -132*q + 135*q + 3*w - 156. Suppose 15 + 12 = z. What is the remainder when q is divided by z?
10
Let j(b) = b**3 - 11*b**2 - 8*b - 45. Let w be j(12). Suppose -w*z = -426 + 348. Calculate the remainder when 129 is divided by z.
25
What is the remainder when 3 + 272 + -1 + 15 + -22 is divided by 132?
3
Let f = -113 + 112. Let d = -2 - -47. What is the remainder when d is divided by (f*(-160)/25)/((-8)/(-20))?
13
Suppose 2*v + 6 = 114. Suppose -20 = -a - 35. What is the remainder when v is divided by (15/a)/(2/(-28))?
12
Suppose -3*u + 789 = -636. Let y = u + -317. What is the remainder when y is divided by 53?
52
Suppose 73 - 3 = -2*a. Let v = 63 + a. What is the remainder when 105 is divided by v?
21
Suppose 3 = -3*s, 5*h + 4*s - 245 = 6. Suppose -h = -22*o + 257. Calculate the remainder when 55 is divided by o.
13
Suppose -72 = 46*a - 50*a. Suppose -2*h - 3*h + a = 3*i, -i = 4. What is the remainder when 5/(-3)*(0 + -6) is divided by h?
4
Suppose 0 = 2*m + 47 - 5. What is the remainder when 66 is divided by ((-56)/6)/(7/m)?
10
Let w(y) = -y**3 - 23*y**2 - 101*y - 465. Calculate the remainder when 822 is divided by w(-19).
2
Suppose -6090 = -75*a + 17*a. Calculate the remainder when 327 is divided by a.
12
Let r be (8/(-12))/(38/42 - 1). Let k = -76 + r. Let m = -54 - k. Calculate the remainder when m is divided by 4.
3
Suppose -d - d = 3*d - 625. What is the remainder when d is divided by 119?
6
Suppose 4*j = -5*d + 393, d - 4*j - 75 = -3*j. What is the remainder when 691 is divided by d?
75
Let r = -2001 - -2964. Calculate the remainder when r is divided by 103.
36
Let h = 158 - 165. What is the remainder when 8 is divided by 4 + (5 - -2) + h?
0
Let x(s) = -s**3 + 2*s**2 + 9. Let w be x(3). Suppose -5*i + 10*i - 55 = w. What is the remainder when 130 is divided by i?
9
Let j = -445 + 445. Suppose -11*b + 39*b - 